ine i(-2).
8
Let x(q) = 74*q + 400. What is x(-9)?
-266
Let f(h) = 1039*h**3 - 8317*h**2 + 31*h + 73. Calculate f(8).
1
Let s(v) = 16*v**2 + 2502*v - 61588. Determine s(-178).
0
Let z(i) = i**2 + 25115*i - 7958960. What is z(313)?
4
Let o(w) = -6*w**3 + 191*w**2 + 56*w + 22. What is o(32)?
790
Let j(c) = 135371*c - 5008577. Determine j(37).
150
Let n(a) = 1152*a + 54149. What is n(-49)?
-2299
Let x(k) = 4*k**2 - 173*k - 3090. What is x(-15)?
405
Let r(p) = -12820*p + 114133. Determine r(9).
-1247
Let u(b) = b**3 + 89*b**2 + 752*b - 13188. Give u(-77).
56
Let g(i) = i**3 + 3*i**2 + 2492*i - 12650. Determine g(5).
10
Let b(i) = -257*i - 77882. Calculate b(-303).
-11
Let i(r) = r**3 + 29*r**2 - 120*r - 624. Determine i(-33).
-1020
Let u(s) = -221*s**3 - 14*s**2 + 13*s. Calculate u(1).
-222
Let b(k) = 118726*k + 1662163. What is b(-14)?
-1
Let r(b) = 439*b + 6549. Give r(-17).
-914
Let l(w) = 5697*w + 609586. Calculate l(-107).
7
Let u(q) = -2486*q + 1068940. Give u(430).
-40
Let w(o) = -9258*o + 1453498. What is w(157)?
-8
Let n(h) = h**3 - 163*h**2 - 1022*h + 1180. What is n(-7)?
4
Let p(v) = -5*v**3 - 47*v**2 + 314*v - 112. Calculate p(-14).
0
Let t(u) = 3*u**2 - 87*u - 4215. Determine t(-27).
321
Let t(h) = 2*h**3 + 11*h**2 - 5773*h - 17378. What is t(-3)?
-14
Let u(r) = 1056*r + 68618. Determine u(-65).
-22
Let j(c) = -20728*c - 331642. Give j(-16).
6
Let c(m) = 12*m**2 - 9180*m - 36661. Calculate c(-4).
251
Let h(m) = -13*m**2 + 1076*m + 3961. Give h(85).
1496
Let f(j) = 169*j - 460. Calculate f(2).
-122
Let z(w) = 13712*w - 685609. Calculate z(50).
-9
Let v(p) = -p**3 + 123*p**2 - 77*p + 25004. Give v(124).
80
Let x(d) = 3344*d + 80258. What is x(-24)?
2
Let u(j) = -27349*j + 273846. Determine u(10).
356
Let o(r) = r**3 + 42*r**2 - 352*r - 16988. Calculate o(-40).
292
Let h(z) = -614*z + 59240. Calculate h(96).
296
Let v(f) = f**3 - 564*f**2 + 2210*f - 295613. Calculate v(561).
34
Let x(u) = -209*u**3 - 2*u**2 + 384*u - 383. Determine x(1).
-210
Let z(t) = 15*t**2 + 43*t - 95. Calculate z(3).
169
Let m(b) = -3*b**2 + 172*b - 1429. Calculate m(12).
203
Let p(q) = -1991*q + 25812. Give p(13).
-71
Let q(g) = -9*g**2 + 151*g - 1163. What is q(8)?
-531
Let u(d) = -2*d**2 - 2369*d + 33555. Determine u(14).
-3
Let z(u) = -98*u + 8533. Determine z(80).
693
Let d(i) = -2*i**3 - 148*i**2 - 2188*i - 1516. Determine d(-54).
-4
Let c(g) = 15*g**2 - 595*g + 1666. Calculate c(3).
16
Let s(y) = -709*y + 77999. What is s(113)?
-2118
Let o(g) = 33*g**2 - 1185*g - 117. Calculate o(35).
-1167
Let f(t) = -180*t - 5638. Determine f(-26).
-958
Let i(k) = -4923*k + 9692. What is i(2)?
-154
Let o(d) = -d**3 + 348*d**2 - 1709*d - 48. Calculate o(5).
-18
Let z(a) = -11306*a - 56570. Calculate z(-5).
-40
Let p(i) = i**2 - 229*i - 4192. What is p(-17)?
-10
Let w(t) = -1178*t - 3009. Determine w(-3).
525
Let h(r) = 2410*r - 71265. Calculate h(30).
1035
Let t(m) = 12*m**3 - 74*m**2 - 37*m + 289. Determine t(6).
-5
Let f(i) = 2*i**3 + 1959*i**2 + 24184*i + 8586. Calculate f(-967).
-117
Let b(n) = -19*n**2 + 1380*n - 1301. Determine b(69).
3460
Let n(g) = -52*g + 1829. Calculate n(38).
-147
Let o(n) = 2*n**2 - 161360*n - 645452. Calculate o(-4).
20
Let m(p) = 195*p - 19561. What is m(103)?
524
Let l(z) = -2*z**2 - 133*z - 327. Determine l(-64).
-7
Let t(c) = 22093*c**2 + 110467*c + 9. Give t(-5).
-1
Let c(f) = 2*f**2 - 292*f - 4444. Determine c(-14).
36
Let v(w) = -4*w**2 - 593*w - 2113. What is v(-144)?
335
Let a(h) = 71*h**2 - 1775*h - 43. What is a(25)?
-43
Let d(x) = -3*x**2 + 181*x + 32387. Give d(-78).
17
Let d(b) = 24*b**3 - 133*b**2 - 40*b + 93. Determine d(-1).
-24
Let g(a) = -1045*a + 1519. Calculate g(2).
-571
Let a(f) = 4*f**2 + 834*f - 3407. Give a(4).
-7
Let i(n) = -18570*n + 649947. Calculate i(35).
-3
Let q(w) = 2808*w + 10998. Give q(-4).
-234
Let y(x) = -x**3 - 3*x**2 + 395*x - 1502. Give y(4).
-34
Let t(h) = 44751*h - 223654. Calculate t(5).
101
Let k(q) = -q**3 + 607*q**2 - 1808*q + 9. Calculate k(3).
21
Let z(y) = -219*y + 1920. Give z(10).
-270
Let s(t) = -552*t - 31442. Give s(-57).
22
Let f(a) = a**3 + a**2 - 215*a - 225. Determine f(18).
2061
Let l(g) = -g**2 + 421*g - 23419. Give l(66).
11
Let x(p) = -2*p**3 - 8*p**2 + 156*p - 47. Give x(-11).
-69
Let g(a) = 211*a + 421369. Give g(-1997).
2
Let s(h) = -162*h + 4573. What is s(28)?
37
Let g(c) = -3392*c - 9844. Calculate g(-3).
332
Let m(o) = 22*o**2 + 2359*o + 539. Calculate m(-107).
4
Let q(m) = 2*m**3 + 3*m**2 - 7*m + 17. Determine q(-8).
-759
Let s(y) = -489164*y + 2445825. Determine s(5).
5
Let q(c) = 1978375*c - 1978356. What is q(1)?
19
Let s(a) = -a**3 - 3*a**2 + 112*a + 314. Determine s(-3).
-22
Let x(o) = o**2 + 196*o + 2681. Give x(-15).
-34
Let k(h) = -123*h**2 - 3690*h. Determine k(-30).
0
Let y(r) = -29*r**2 + 925*r - 6585. Calculate y(9).
-609
Let q(g) = -16473*g + 1153134. What is q(70)?
24
Let l(w) = -5538*w + 2409032. What is l(435)?
2
Let h(g) = 3057*g - 764406. Give h(250).
-156
Let h(n) = 25*n - 418. What is h(-60)?
-1918
Let h(g) = 16176*g + 4529309. Give h(-280).
29
Let q(t) = 73*t + 2424. What is q(-27)?
453
Let g(m) = -660*m**2 - 159057*m + 807. Calculate g(-241).
84
Let g(t) = 3*t**2 - 193*t + 61. Give g(63).
-191
Let n(x) = -10*x**2 - 547*x - 1103. Give n(-52).
301
Let m(l) = 6*l**3 + 48*l**2 + 33*l + 275. Determine m(-8).
11
Let m(f) = 458*f - 6006. Calculate m(13).
-52
Let y(x) = 17305*x - 865262. Determine y(50).
-12
Let y(f) = -3258*f - 16370. Determine y(-5).
-80
Let o(v) = -17364*v - 2708767. Calculate o(-156).
17
Let q(a) = -a**2 - 1000*a - 89226. Calculate q(-99).
-27
Let h(f) = f**2 + 49*f + 1456. Give h(-39).
1066
Let o(c) = -147845*c - 9018559. Determine o(-61).
-14
Let a(w) = -2*w**3 - 590*w**2 + 134685*w + 1065. Determine a(151).
8
Let o(r) = 527*r - 161. Determine o(4).
1947
Let q(f) = f**3 + 12*f**2 - 32*f + 153. What is q(-14)?
209
Let o(q) = -2*q**3 + 149*q**2 + 146*q - 2338. Calculate o(75).
2987
Let m(i) = 2*i**2 - i - 104. What is m(0)?
-104
Let c(j) = -1225*j + 14766. Calculate c(12).
66
Let v(u) = 3*u**3 - 157*u**2 + 275*u - 20201. What is v(53)?
-8
Let n(q) = -q**3 - 19*q**2 - 158*q - 415. What is n(-10)?
265
Let m(v) = -v**3 - 97*v**2 - 198*v - 188. Calculate m(-95).
572
Let q(u) = -66*u**3 + 1200*u**2 - 216*u + 18. Determine q(18).
18
Let o(v) = -2*v**3 + 259*v**2 + 395*v - 260. Calculate o(131).
2
Let y(u) = u**3 + 83*u**2 - 5270*u - 2537. Calculate y(-125).
-37
Let y(t) = t**2 + 422*t + 40905. What is y(-148)?
353
Let q(l) = -5*l**3 + 19*l**2 + 31*l - 187. Determine q(6).
-397
Let q(w) = -w**2 - 594*w - 27082. Determine q(-50).
118
Let l(v) = 496*v**2 + 22814*v - 100. Determine l(-46).
-8
Let n(g) = -g**3 + 1300*g**2 - 169484*g - 1033. Calculate n(147).
-4
Let c(o) = -o**2 - 729*o + 23638. Determine c(31).
78
Let x(g) = -g**2 + 29*g + 22749. Calculate x(-137).
7
Let f(w) = 11871*w - 1234595. Give f(104).
-11
Let m(u) = -253*u - 3591. What is m(-19)?
1216
Let o(q) = 205*q**2 - 2*q - 727. Determine o(0).
-727
Let r(u) = 41*u**2 - 417*u + 4298. Give r(10).
4228
Let x(v) = -3255*v - 1516825. Give x(-466).
5
Let a(u) = -6798*u + 39564. What is a(6)?
-1224
Let r(n) = 193*n - 21689. Give r(111).
-266
Let w(t) = -4*t**2 + 106*t + 3263. Calculate w(-21).
-727
Let u(m) = 164*m + 1336. Calculate u(-9).
-140
Let w(u) = 3*u**3 + 8*u**2 - 497*u - 2457. Give w(-5).
-147
Let x(c) = -190*c**3 + 9*c**2 - 37*c - 1. Determine x(0).
-1
Let d(l) = -l**3 - 158*l**2 - 2809*l - 69. Calculate d(-20).
911
Let a(u) = -324640*u + 4545047. Determine a(14).
87
Let q(f) = -10*f**2 + 1304*f - 676. Calculate q(130).
-156
Let x(s) = 1186*s - 3047. What is x(4)?
1697
Let o(i) = 16519*i**2 + 214753*i + 76. Calculate o(-13).
-2
Let f(j) = 2*j**2 + 207*j + 157. What is f(-104)?
261
Let i(p) = -6*p**2 + 1440*p + 2861. What is i(242)?
-43
Let f(m) = -33*m**2 - 142*m + 521. Give f(0).
521
Let h(s) = 31*s**2 + 215*s - 13. What is h(-6)?
-187
Let d(p) = 906*p**2 - 327971*p - 366. Determine d(362).
-4
Let w(o) = -6*o**2 + 1033*o - 29378. Give w(137).
-471
Let c(z) = 5*z**3 + 1837*z**2 + 707*z - 9855. What is c(-367)?
54
Let f(i) = 3*i**2 - 193*i + 2668. Determine f(20).
8
Let z(k) = -k**3 - 39*k**2 + 378*k + 9162. Determine z(-43).
304
Let a(g) = 7629*g + 198409. Calculate a(-26).
55
